{"id":949,"date":"2014-11-01T16:24:03","date_gmt":"2014-11-01T15:24:03","guid":{"rendered":"http:\/\/macchiavalfortore.info\/?page_id=949"},"modified":"2016-07-31T16:54:25","modified_gmt":"2016-07-31T14:54:25","slug":"il-centro-polivalente-2007","status":"publish","type":"page","link":"https:\/\/macchiavalfortore.info\/?page_id=949","title":{"rendered":"il Centro polivalente"},"content":{"rendered":"<p>Macchia Valfortore &#8211; Realizzato con i soldi della solidariet\u00e0 di Comuni \u00ablontani\u00bb<\/p>\n<p>Il Trentino e il Fortore e quindi Macchia Valfortore vicini nel momento terribile del terremoto del 2002 soprattutto la Provincia autonoma di Trento che nel dopo sisma invi\u00f2 un gruppo di tecnici, vigili del fuoco volontari specializzati nel puntellamento di edifici e nella messa in sicurezza delle case a Macchia Valfortore uno dei paesi che sub\u00ec molti danni dalle scosse sismiche del 31 ottobre e del 1\u00b0 novembre del 2004.<br \/>\nUna solidariet\u00e0 e un&#8217;assistenza che sono continuate nel corso dei mesi successivi e che hanno portato alla partecipazione e quindi allo studio di altre iniziative e quindi alla realizzazione di strutture di prevenzione e quindi di accoglienza in caso di calamit\u00e0 naturale.<br \/>\nIeri a Macchia Valfortore \u00e8 stato inaugurato, perci\u00f2, il Centro polivalente per emergenze di Protezione civile in localit\u00e0 \u00abCampetto\u00bb. Un edificio su due livelli di circa 400 metri quadri costato un milione di euro raccolti dalla Provincia autonoma di Trento e in particolare dai Comuni, presenti ieri in riva al lago di Occhito, di Bolbeno, Bondo, Daone, Montagne, Preore, Ragoli, Roncone, Tione di Trento, Zuclo e da quelli aderenti al Comitato \u00abNoi con il Molise\u00bb presieduto da Mario Bertolini.<br \/>\nIeri pomeriggio il taglio del nastro e la consegna effettuate dal sindaco di Macchia Valfortore Tonino Carozza che ha curato al meglio i rapporti con le amministrazioni locali trentine e quindi la progettazione e la realizzazione dell&#8217;opera di protezione civile. Presenti rappresentanti della Regione e della Provincia di Campobasso. Dopo la benedizione dello stabile ad opera dell&#8217; arcivescovo di Cmapobasso Boiano, Armando Dini, sono stati consegnati gli attestati di riconoscenza al presidente della Provincia autonoma di Trento e ai sindaci dei Comuni del Comitato \u00abNoi con il Molise\u00bb.<br \/>\nAl.Cia.<\/p>\n<p>23\/4\/2007<br \/>\nda www.iltempo.it<\/p>\n","protected":false},"excerpt":{"rendered":"<p>Macchia Valfortore &#8211; Realizzato con i soldi della solidariet\u00e0 di Comuni \u00ablontani\u00bb Il Trentino e il Fortore e quindi Macchia Valfortore vicini nel momento terribile del terremoto del 2002 soprattutto la Provincia autonoma di&#46;&#46;&#46;<\/p>\n","protected":false},"author":1,"featured_media":0,"parent":23,"menu_order":0,"comment_status":"closed","ping_status":"closed","template":"","meta":{"ngg_post_thumbnail":0,"footnotes":""},"class_list":["post-949","page","type-page","status-publish","hentry"],"_links":{"self":[{"href":"https:\/\/macchiavalfortore.info\/index.php?rest_route=\/wp\/v2\/pages\/949","targetHints":{"allow":["GET"]}}],"collection":[{"href":"https:\/\/macchiavalfortore.info\/index.php?rest_route=\/wp\/v2\/pages"}],"about":[{"href":"https:\/\/macchiavalfortore.info\/index.php?rest_route=\/wp\/v2\/types\/page"}],"author":[{"embeddable":true,"href":"https:\/\/macchiavalfortore.info\/index.php?rest_route=\/wp\/v2\/users\/1"}],"replies":[{"embeddable":true,"href":"https:\/\/macchiavalfortore.info\/index.php?rest_route=%2Fwp%2Fv2%2Fcomments&post=949"}],"version-history":[{"count":0,"href":"https:\/\/macchiavalfortore.info\/index.php?rest_route=\/wp\/v2\/pages\/949\/revisions"}],"up":[{"embeddable":true,"href":"https:\/\/macchiavalfortore.info\/index.php?rest_route=\/wp\/v2\/pages\/23"}],"wp:attachment":[{"href":"https:\/\/macchiavalfortore.info\/index.php?rest_route=%2Fwp%2Fv2%2Fmedia&parent=949"}],"curies":[{"name":"wp","href":"https:\/\/api.w.org\/{rel}","templated":true}]}}

<p>Macchia Valfortore &#8211; Realizzato con i soldi della solidarietà di Comuni «lontani»</p>
<p>Il Trentino e il Fortore e quindi Macchia Valfortore vicini nel momento terribile del terremoto del 2002 soprattutto la Provincia autonoma di Trento che nel dopo sisma inviò un gruppo di tecnici, vigili del fuoco volontari specializzati nel puntellamento di edifici e nella messa in sicurezza delle case a Macchia Valfortore uno dei paesi che subì molti danni dalle scosse sismiche del 31 ottobre e del 1° novembre del 2004.<br />
Una solidarietà e un&#8217;assistenza che sono continuate nel corso dei mesi successivi e che hanno portato alla partecipazione e quindi allo studio di altre iniziative e quindi alla realizzazione di strutture di prevenzione e quindi di accoglienza in caso di calamità naturale.<br />
Ieri a Macchia Valfortore è stato inaugurato, perciò, il Centro polivalente per emergenze di Protezione civile in località «Campetto». Un edificio su due livelli di circa 400 metri quadri costato un milione di euro raccolti dalla Provincia autonoma di Trento e in particolare dai Comuni, presenti ieri in riva al lago di Occhito, di Bolbeno, Bondo, Daone, Montagne, Preore, Ragoli, Roncone, Tione di Trento, Zuclo e da quelli aderenti al Comitato «Noi con il Molise» presieduto da Mario Bertolini.<br />
Ieri pomeriggio il taglio del nastro e la consegna effettuate dal sindaco di Macchia Valfortore Tonino Carozza che ha curato al meglio i rapporti con le amministrazioni locali trentine e quindi la progettazione e la realizzazione dell&#8217;opera di protezione civile. Presenti rappresentanti della Regione e della Provincia di Campobasso. Dopo la benedizione dello stabile ad opera dell&#8217; arcivescovo di Cmapobasso Boiano, Armando Dini, sono stati consegnati gli attestati di riconoscenza al presidente della Provincia autonoma di Trento e ai sindaci dei Comuni del Comitato «Noi con il Molise».<br />
Al.Cia.</p>
<p>23/4/2007<br />
da www.iltempo.it</p>

<p>Macchia Valfortore &#8211; Realizzato con i soldi della solidarietà di Comuni «lontani» Il Trentino e il Fortore e quindi Macchia Valfortore vicini nel momento terribile del terremoto del 2002 soprattutto la Provincia autonoma di&#46;&#46;&#46;</p>
