{"id":938,"date":"2014-11-01T16:08:27","date_gmt":"2014-11-01T15:08:27","guid":{"rendered":"http:\/\/macchiavalfortore.info\/?page_id=938"},"modified":"2016-07-31T16:55:11","modified_gmt":"2016-07-31T14:55:11","slug":"la-provincia-di-trento-a-macchia-valfortore","status":"publish","type":"page","link":"https:\/\/macchiavalfortore.info\/?page_id=938","title":{"rendered":"la Provincia di Trento a Macchia"},"content":{"rendered":"<p>SOLIDARIET\u00c0 AL MOLISE TERREMOTATO: Dellai e Grisenti incontrano il Sindaco di Macchia <\/p>\n<p>Grazie alla generosit\u00e0 della comunit\u00e0 trentina nascer\u00e0 un centro per la protezione civile.<br \/>\nUna solidariet\u00e0 che continua nel tempo. \u00c8 quella che il popolo trentino sta manifestando nei confronti della popolazione terremotata del Molise, ed in particolare verso la comunit\u00e0 di Macchia Valfortore, il piccolo paese dove \u2013 nel novembre scorso \u2013 decine e decine di operatori della protezione civile trentina hanno lavorato per mettere in sicurezza case e strade, ed per prestare soccorso (non solo materiale, ma anche psicologico) alla popolazione.<br \/>\nTerminata la missione della colonna mobile trentina, molti \u2013 tra Provincia, Comuni, scuole e associazioni varie \u2013 hanno deciso di dare qualcosa di pi\u00f9.<br \/>\nE l\u2019idea \u00e8 stata messa a fuoco stamani, durante un incontro avvenuto in Provincia a Trento tra il presidente della Provincia autonoma di Trento, Lorenzo Dellai, e l\u2019assessore provinciale alla protezione civile, Silvano Grisenti ed il sindaco di Macchia Valfortore, Orazio Cifelli, accompagnato da alcuni rappresentanti del consiglio comunale.<br \/>\nA Macchia nascer\u00e0 un edificio polivalente realizzato prevalentemente con strutture prefabbricate che funger\u00e0 da centro per la protezione civile, ma potr\u00e0 assolvere \u2013 in periodi caratterizzati dall\u2019emergenza \u2013 anche ad altri compiti: qui, ad esempio, sorger\u00e0 una piccola biblioteca pubblica.<br \/>\n\u201cSi tratta di una sede importante per favorire la coesione e la crescita sociale \u2013 \u00e8 stato detto stamani \u2013 che nascer\u00e0 grazie alla disponibilit\u00e0 di fondi in parte garantiti da Provincia autonoma di Trento e Consorzio dei Comuni trentini, in parte provento di una raccolta promossa dagli studenti dell\u2019Istituto comprensivo di Tione, nonch\u00e9 da altri contributi di varia natura\u201d.<br \/>\nAll\u2019incontro di oggi era infatti presente il sindaco del capoluogo giudicariese Vincenzo Zubani, accompagnato dal presidente del Comitato \u201cNoi per il Molise\u201d, Mario Bertolini.<br \/>\n\u201cIl merito di questa iniziativa \u2013 ha commentato Silvano Grisenti \u2013 sta nel ruolo determinante dei giovani, promotori ma al tempo stesso destinatari di un progetto di crescita che potr\u00e0 arricchire ulteriormente le rispettive comunit\u00e0\u201d.<br \/>\nL\u2019incontro si \u00e8 concluso con la visita al centro logistico della protezione civile provinciale, a Lavis. Questa sera, invece, il sindaco di Macchia Valfortore sar\u00e0 a Tione per partecipare all\u2019incontro pubblico che si svolger\u00e0 al cinema-teatro. Domani, infine, la delegazione molisana incontrer\u00e0 le scuole.<\/p>\n<p>14\/3\/2003<br \/>\nda www.regioni.it<\/p>\n","protected":false},"excerpt":{"rendered":"<p>SOLIDARIET\u00c0 AL MOLISE TERREMOTATO: Dellai e Grisenti incontrano il Sindaco di Macchia Grazie alla generosit\u00e0 della comunit\u00e0 trentina nascer\u00e0 un centro per la protezione civile. Una solidariet\u00e0 che continua nel tempo. \u00c8 quella che&#46;&#46;&#46;<\/p>\n","protected":false},"author":1,"featured_media":0,"parent":23,"menu_order":0,"comment_status":"closed","ping_status":"closed","template":"","meta":{"ngg_post_thumbnail":0,"footnotes":""},"class_list":["post-938","page","type-page","status-publish","hentry"],"_links":{"self":[{"href":"https:\/\/macchiavalfortore.info\/index.php?rest_route=\/wp\/v2\/pages\/938","targetHints":{"allow":["GET"]}}],"collection":[{"href":"https:\/\/macchiavalfortore.info\/index.php?rest_route=\/wp\/v2\/pages"}],"about":[{"href":"https:\/\/macchiavalfortore.info\/index.php?rest_route=\/wp\/v2\/types\/page"}],"author":[{"embeddable":true,"href":"https:\/\/macchiavalfortore.info\/index.php?rest_route=\/wp\/v2\/users\/1"}],"replies":[{"embeddable":true,"href":"https:\/\/macchiavalfortore.info\/index.php?rest_route=%2Fwp%2Fv2%2Fcomments&post=938"}],"version-history":[{"count":0,"href":"https:\/\/macchiavalfortore.info\/index.php?rest_route=\/wp\/v2\/pages\/938\/revisions"}],"up":[{"embeddable":true,"href":"https:\/\/macchiavalfortore.info\/index.php?rest_route=\/wp\/v2\/pages\/23"}],"wp:attachment":[{"href":"https:\/\/macchiavalfortore.info\/index.php?rest_route=%2Fwp%2Fv2%2Fmedia&parent=938"}],"curies":[{"name":"wp","href":"https:\/\/api.w.org\/{rel}","templated":true}]}}

<p>SOLIDARIETÀ AL MOLISE TERREMOTATO: Dellai e Grisenti incontrano il Sindaco di Macchia </p>
<p>Grazie alla generosità della comunità trentina nascerà un centro per la protezione civile.<br />
Una solidarietà che continua nel tempo. È quella che il popolo trentino sta manifestando nei confronti della popolazione terremotata del Molise, ed in particolare verso la comunità di Macchia Valfortore, il piccolo paese dove – nel novembre scorso – decine e decine di operatori della protezione civile trentina hanno lavorato per mettere in sicurezza case e strade, ed per prestare soccorso (non solo materiale, ma anche psicologico) alla popolazione.<br />
Terminata la missione della colonna mobile trentina, molti – tra Provincia, Comuni, scuole e associazioni varie – hanno deciso di dare qualcosa di più.<br />
E l’idea è stata messa a fuoco stamani, durante un incontro avvenuto in Provincia a Trento tra il presidente della Provincia autonoma di Trento, Lorenzo Dellai, e l’assessore provinciale alla protezione civile, Silvano Grisenti ed il sindaco di Macchia Valfortore, Orazio Cifelli, accompagnato da alcuni rappresentanti del consiglio comunale.<br />
A Macchia nascerà un edificio polivalente realizzato prevalentemente con strutture prefabbricate che fungerà da centro per la protezione civile, ma potrà assolvere – in periodi caratterizzati dall’emergenza – anche ad altri compiti: qui, ad esempio, sorgerà una piccola biblioteca pubblica.<br />
“Si tratta di una sede importante per favorire la coesione e la crescita sociale – è stato detto stamani – che nascerà grazie alla disponibilità di fondi in parte garantiti da Provincia autonoma di Trento e Consorzio dei Comuni trentini, in parte provento di una raccolta promossa dagli studenti dell’Istituto comprensivo di Tione, nonché da altri contributi di varia natura”.<br />
All’incontro di oggi era infatti presente il sindaco del capoluogo giudicariese Vincenzo Zubani, accompagnato dal presidente del Comitato “Noi per il Molise”, Mario Bertolini.<br />
“Il merito di questa iniziativa – ha commentato Silvano Grisenti – sta nel ruolo determinante dei giovani, promotori ma al tempo stesso destinatari di un progetto di crescita che potrà arricchire ulteriormente le rispettive comunità”.<br />
L’incontro si è concluso con la visita al centro logistico della protezione civile provinciale, a Lavis. Questa sera, invece, il sindaco di Macchia Valfortore sarà a Tione per partecipare all’incontro pubblico che si svolgerà al cinema-teatro. Domani, infine, la delegazione molisana incontrerà le scuole.</p>
<p>14/3/2003<br />
da www.regioni.it</p>

<p>SOLIDARIETÀ AL MOLISE TERREMOTATO: Dellai e Grisenti incontrano il Sindaco di Macchia Grazie alla generosità della comunità trentina nascerà un centro per la protezione civile. Una solidarietà che continua nel tempo. È quella che&#46;&#46;&#46;</p>
