{"id":857,"date":"2014-10-28T22:40:42","date_gmt":"2014-10-28T21:40:42","guid":{"rendered":"http:\/\/macchiavalfortore.info\/?page_id=857"},"modified":"2016-07-31T16:46:19","modified_gmt":"2016-07-31T14:46:19","slug":"l-emigrazione-a-macchia","status":"publish","type":"page","link":"https:\/\/macchiavalfortore.info\/?page_id=857","title":{"rendered":"l&#8217;emigrazione a Macchia"},"content":{"rendered":"<p><img loading=\"lazy\" decoding=\"async\" class=\"alignleft wp-image-962 size-medium\" src=\"https:\/\/macchiavalfortore.info\/wp-content\/uploads\/2014\/11\/IMG_2413Chieffo-205x300.jpg\" alt=\"IMG_2413Chieffo\" width=\"205\" height=\"300\" srcset=\"https:\/\/macchiavalfortore.info\/wp-content\/uploads\/2014\/11\/IMG_2413Chieffo-205x300.jpg 205w, https:\/\/macchiavalfortore.info\/wp-content\/uploads\/2014\/11\/IMG_2413Chieffo.jpg 350w\" sizes=\"auto, (max-width: 205px) 100vw, 205px\" \/><br \/>\n\u201cUn convegno di alto profilo, per la professionalit\u00e0 dei relatori, tutti competenti e titolati, per l\u2019interesse degli interventi, per la soavit\u00e0 degli intermezzi musicali, per la risposta entusiasta del pubblico. E\u2019 un onore, per me, aver ospitato a Macchia Valfortore, un evento di tale spessore!\u201d.<br \/>\nCos\u00ec il sindaco, Antonio Carozza, in chiusura del Convegno \u201cEmigrazione ieri e oggi: riflessioni e prospettive nell\u2019ottica di sviluppo e di promozione territoriale del Molise\u201d, che si \u00e8 svolto presso la Struttura Polivalente donata dalla Regione Trentino.<br \/>\nCon il patrocinio della Presidenza della Giunta Regionale, Assessorato allo Sport, Provincia di Campobasso, Comunit\u00e0 Montana Fortore Molisano, Unioncamere e Azienda Speciale Fai della Camera di Commercio, il convegno ha portato a Macchiavaltore relatori d\u2019eccezione e un duo, Annalisa Desiata al mandolino ed Elisabetta al pianoforte, che ha mandato in visibilio il pubblico, con la riproposizione di pezzi dell\u2019epoca.<br \/>\nCaldo e appassionato l\u2019intervento del consigliere regionale, Antonio Chieffo, il quale ha ricordato quando, destinatario della delega ai \u201cMolisani nel Mondo\u201d ha visitato le comunit\u00e0 di corregionali all\u2019estero, prendendo a cuore i loro sentimenti, le ragioni, le emozioni, le problematiche sollevate.<br \/>\n\u201cSi calcola \u2013 ha ricordato la giornalista e ricercatrice Palmina Cappussi &#8211; che nel corso del secolo il totale dei partiti furono circa 29.000.000, e solo 10.275.000 fecero ritorno in patria. Una perdita demografica netta di circa 18.761.000 di abitanti nell&#8217;arco di poco pi\u00f9 di due generazioni, pari alla met\u00e0 degli abitanti dell&#8217;intera Italia del 1911. Pensate, \u00e8 come se l\u2019Italia fosse stata spezzata in due e una parte fosse svanita, sprofondata nel nulla!\u201d.<br \/>\nE ha fatto riferimento agli introiti delle banche, delle compagnie di navigazione, delle agenzie di imbarco e degli abusivi che approfittavano della disperazione della gente molisana costretta ad emigrare.<br \/>\n\u201cPer la &#8220;Frode in emigrazione&#8221;, delitto molto diffuso fino agli anni trenta \u2013 ha proseguito la studiosa &#8211; Mussolini corse ai ripari emanando una legge nel 1931, che condannava da 1 a 5 anni e a una multa salatissima &#8220;chi con mendaci affermazioni o con false notizie, eccitando taluno a emigrare o avviandolo a un paese diverso da quello nel quale voleva recarsi, si fa consegnare o promettere somme di denaro come compenso per farlo emigrare&#8221;&#8230;&#8221;&#8230;sfruttando l&#8217;ignoranza, il disagio economico, o perch\u00e8 non riesce a trovare in Italia i necessari mezzi di sussistenza e civili condizioni di vita&#8221;.<br \/>\nHa citato il vescovo Bonomelli, mostrando un libricino originale del 1910, la legge del 1888 che riconobbe la libert\u00e0 di emigrare, le quote, i famosi libretti rossi che bollavano gli analfabeti.<br \/>\nPer entrare nel vivo di una ricerca condotta per conto dell\u2019Universit\u00e0 La Sapienza di Roma e l\u2019Universit\u00e0 del Molise su 876 schedati molisani, riportando la storia di un volantinaggio vietato, avvenuto a Macchia Valfortore nel 1929, e di un\u2019attivit\u00e0 investigativa che mette in relazione foglietti anonimi ai danni di ragazze del luogo, con i volantini incriminati, che recano frasi offensive contro il re. 13 ragazzi tra i 17 e i 22 anni vengono arrestati e alla fine viene scoperta la \u201cmente\u201d che ha progettato il lancio, che tanto scalpore ha suscitato nel comune molisano. Nella casa colonica dei genitori del nostro diciottenne viene infatti rinvenuta, nascosta sotto le balle di fieno, la matrice del documento, una stampiglia in gomma utilizzata per stampare, quasi una tipografia rudimentale, decine e decine di volantini antigovernativi\u201d.<br \/>\nIntrodotto dal bravo Giovanni Minicozzi, giornalista di Telemolise, nella veste di moderatore, Norberto Lombardi ha appassionato la platea ricordato le traversate che duravano 3, anche 4 settimane, le condizioni di accoglienza dei bastimenti, nei quali agli emigranti era riservata la terza classe.<br \/>\n\u201cDi fronte a persone che hanno vissuto l\u2019esperienza di emigrazione \u2013 ha sottolineato, io mi faccio piccolo piccolo, ho imparato molto di pi\u00f9 dalle loro storie che dai libri che ho letto. Peraltro il fenomeno continua ancora oggi. C\u2019\u00e8 un flusso continuo di giovani laureati, 50-60.000 giovani che vanno via e noi perdiamo energie qualificate, e nel contempo siamo un Paese di Immigrati. E\u2019 inconcepibile che, pur avendo 3 molisani fuori per ogni molisano nel Molise, non si riesca a fare una politica mirata di rientri\u201d.<br \/>\nIl prof. Giuseppe Carozza ha fatto un lungo excursus sulla poesia e la letteratura dell\u2019emigrazione, nutrita di sofferenza, di dolore, di speranza sul ritorno, il nostos, di rimpianto inconsolabile, di tenacia nel mantenere vivi legami ancestrali. E, con uno stile narrativo incalzante, ha dato lettura dei versi, incredibilmente coinvolgenti, di Luigi Antonio Trofa \u201cMaritm m\u2019ha scritt\u201d e Michele Cima.<br \/>\nTeresio Onorato ha relazioni sulle azioni intraprese dalla Regione Molise in favore delle Associazioni di corregionali, ricordando la commozione, la partecipazione che ha contraddistinto la commemorazione dei caduti di Monogah. \u201cUna recente Legge Regionale \u2013 ha spiegato il dirigente \u2013 ha istituito il Consiglio dei Molisani nel Mondo e il Consiglio dei Giovani Molisani nel Mondo.<br \/>\nE\u2019 stata una bella esperienza vedere 15 giovani provenienti da ogni parte del pianeta, riuniti a Campobasso. E\u2019 su loro che dobbiamo puntare, dobbiamo aiutarli a riconoscersi nell\u2019attivit\u00e0 associativa, perch\u00e9 solo attraverso questi giovani potremo sperare di crescere\u201d.<br \/>\nA Matteo Russo, Presidente della Fai, l\u2019Azienda Speciale della Camera di Commercio, il compito di tracciare invece un percorso di promozione territoriale attraverso le iniziative in programma. Russo, che oltretutto \u00e8 originario di Macchia, ha ricordato i punti di eccellenza dell\u2019offerta turistica italiana: l\u2019enogastronomia, cortesia e ospitalit\u00e0, confort nella ricettivit\u00e0. Ha fatto riferimento anche alla Filiera del Bello dell\u2019assessore Marinelli e alla ipotizzata creazione di un\u2019Agenzia Turistica Regionale.<br \/>\nIl duo di bravissime musiciste ha intercalato gli eventi con \u201cA Vucchella\u201d del 1904, \u201cDduje Parvise\u201d (1929), Te vojo bbene assale (1913), U sudate nnammurate (1915), Santa Lucia lontana (1919), Accarezzame (1950). Poi si sono addentrate in un concerto dal vivo, salutato da un pubblico in religioso silenzio. Sono stati eseguiti, di Emanuele Barbella, il Concerto in Re maggiore, la Fantasia Poetica di Calace, l\u2019Adagio di Beethoven, per chiudere con \u201cVivo\u201d di Mitoka Dragomina, pezzo di virtuosismo moderno, particolarmente difficile per interpretazione e coordinazione. Apprezzatissimo anche il progetto grafico di Arteggiando di Bojano, che si \u00e8 avvalso delle foto fornite da Gianni Di Iorio. In conclusione un intervento dal pubblico, di Federico Campanelli.<\/p>\n<p>30\/7\/2008<\/p>\n","protected":false},"excerpt":{"rendered":"<p>\u201cUn convegno di alto profilo, per la professionalit\u00e0 dei relatori, tutti competenti e titolati, per l\u2019interesse degli interventi, per la soavit\u00e0 degli intermezzi musicali, per la risposta entusiasta del pubblico. E\u2019 un onore, per&#46;&#46;&#46;<\/p>\n","protected":false},"author":1,"featured_media":0,"parent":934,"menu_order":0,"comment_status":"closed","ping_status":"closed","template":"","meta":{"ngg_post_thumbnail":0,"footnotes":""},"class_list":["post-857","page","type-page","status-publish","hentry"],"_links":{"self":[{"href":"https:\/\/macchiavalfortore.info\/index.php?rest_route=\/wp\/v2\/pages\/857","targetHints":{"allow":["GET"]}}],"collection":[{"href":"https:\/\/macchiavalfortore.info\/index.php?rest_route=\/wp\/v2\/pages"}],"about":[{"href":"https:\/\/macchiavalfortore.info\/index.php?rest_route=\/wp\/v2\/types\/page"}],"author":[{"embeddable":true,"href":"https:\/\/macchiavalfortore.info\/index.php?rest_route=\/wp\/v2\/users\/1"}],"replies":[{"embeddable":true,"href":"https:\/\/macchiavalfortore.info\/index.php?rest_route=%2Fwp%2Fv2%2Fcomments&post=857"}],"version-history":[{"count":0,"href":"https:\/\/macchiavalfortore.info\/index.php?rest_route=\/wp\/v2\/pages\/857\/revisions"}],"up":[{"embeddable":true,"href":"https:\/\/macchiavalfortore.info\/index.php?rest_route=\/wp\/v2\/pages\/934"}],"wp:attachment":[{"href":"https:\/\/macchiavalfortore.info\/index.php?rest_route=%2Fwp%2Fv2%2Fmedia&parent=857"}],"curies":[{"name":"wp","href":"https:\/\/api.w.org\/{rel}","templated":true}]}}

<p><img loading="lazy" decoding="async" class="alignleft wp-image-962 size-medium" src="https://macchiavalfortore.info/wp-content/uploads/2014/11/IMG_2413Chieffo-205x300.jpg" alt="IMG_2413Chieffo" width="205" height="300" srcset="https://macchiavalfortore.info/wp-content/uploads/2014/11/IMG_2413Chieffo-205x300.jpg 205w, https://macchiavalfortore.info/wp-content/uploads/2014/11/IMG_2413Chieffo.jpg 350w" sizes="auto, (max-width: 205px) 100vw, 205px" /><br />
“Un convegno di alto profilo, per la professionalità dei relatori, tutti competenti e titolati, per l’interesse degli interventi, per la soavità degli intermezzi musicali, per la risposta entusiasta del pubblico. E’ un onore, per me, aver ospitato a Macchia Valfortore, un evento di tale spessore!”.<br />
Così il sindaco, Antonio Carozza, in chiusura del Convegno “Emigrazione ieri e oggi: riflessioni e prospettive nell’ottica di sviluppo e di promozione territoriale del Molise”, che si è svolto presso la Struttura Polivalente donata dalla Regione Trentino.<br />
Con il patrocinio della Presidenza della Giunta Regionale, Assessorato allo Sport, Provincia di Campobasso, Comunità Montana Fortore Molisano, Unioncamere e Azienda Speciale Fai della Camera di Commercio, il convegno ha portato a Macchiavaltore relatori d’eccezione e un duo, Annalisa Desiata al mandolino ed Elisabetta al pianoforte, che ha mandato in visibilio il pubblico, con la riproposizione di pezzi dell’epoca.<br />
Caldo e appassionato l’intervento del consigliere regionale, Antonio Chieffo, il quale ha ricordato quando, destinatario della delega ai “Molisani nel Mondo” ha visitato le comunità di corregionali all’estero, prendendo a cuore i loro sentimenti, le ragioni, le emozioni, le problematiche sollevate.<br />
“Si calcola – ha ricordato la giornalista e ricercatrice Palmina Cappussi &#8211; che nel corso del secolo il totale dei partiti furono circa 29.000.000, e solo 10.275.000 fecero ritorno in patria. Una perdita demografica netta di circa 18.761.000 di abitanti nell&#8217;arco di poco più di due generazioni, pari alla metà degli abitanti dell&#8217;intera Italia del 1911. Pensate, è come se l’Italia fosse stata spezzata in due e una parte fosse svanita, sprofondata nel nulla!”.<br />
E ha fatto riferimento agli introiti delle banche, delle compagnie di navigazione, delle agenzie di imbarco e degli abusivi che approfittavano della disperazione della gente molisana costretta ad emigrare.<br />
“Per la &#8220;Frode in emigrazione&#8221;, delitto molto diffuso fino agli anni trenta – ha proseguito la studiosa &#8211; Mussolini corse ai ripari emanando una legge nel 1931, che condannava da 1 a 5 anni e a una multa salatissima &#8220;chi con mendaci affermazioni o con false notizie, eccitando taluno a emigrare o avviandolo a un paese diverso da quello nel quale voleva recarsi, si fa consegnare o promettere somme di denaro come compenso per farlo emigrare&#8221;&#8230;&#8221;&#8230;sfruttando l&#8217;ignoranza, il disagio economico, o perchè non riesce a trovare in Italia i necessari mezzi di sussistenza e civili condizioni di vita&#8221;.<br />
Ha citato il vescovo Bonomelli, mostrando un libricino originale del 1910, la legge del 1888 che riconobbe la libertà di emigrare, le quote, i famosi libretti rossi che bollavano gli analfabeti.<br />
Per entrare nel vivo di una ricerca condotta per conto dell’Università La Sapienza di Roma e l’Università del Molise su 876 schedati molisani, riportando la storia di un volantinaggio vietato, avvenuto a Macchia Valfortore nel 1929, e di un’attività investigativa che mette in relazione foglietti anonimi ai danni di ragazze del luogo, con i volantini incriminati, che recano frasi offensive contro il re. 13 ragazzi tra i 17 e i 22 anni vengono arrestati e alla fine viene scoperta la “mente” che ha progettato il lancio, che tanto scalpore ha suscitato nel comune molisano. Nella casa colonica dei genitori del nostro diciottenne viene infatti rinvenuta, nascosta sotto le balle di fieno, la matrice del documento, una stampiglia in gomma utilizzata per stampare, quasi una tipografia rudimentale, decine e decine di volantini antigovernativi”.<br />
Introdotto dal bravo Giovanni Minicozzi, giornalista di Telemolise, nella veste di moderatore, Norberto Lombardi ha appassionato la platea ricordato le traversate che duravano 3, anche 4 settimane, le condizioni di accoglienza dei bastimenti, nei quali agli emigranti era riservata la terza classe.<br />
“Di fronte a persone che hanno vissuto l’esperienza di emigrazione – ha sottolineato, io mi faccio piccolo piccolo, ho imparato molto di più dalle loro storie che dai libri che ho letto. Peraltro il fenomeno continua ancora oggi. C’è un flusso continuo di giovani laureati, 50-60.000 giovani che vanno via e noi perdiamo energie qualificate, e nel contempo siamo un Paese di Immigrati. E’ inconcepibile che, pur avendo 3 molisani fuori per ogni molisano nel Molise, non si riesca a fare una politica mirata di rientri”.<br />
Il prof. Giuseppe Carozza ha fatto un lungo excursus sulla poesia e la letteratura dell’emigrazione, nutrita di sofferenza, di dolore, di speranza sul ritorno, il nostos, di rimpianto inconsolabile, di tenacia nel mantenere vivi legami ancestrali. E, con uno stile narrativo incalzante, ha dato lettura dei versi, incredibilmente coinvolgenti, di Luigi Antonio Trofa “Maritm m’ha scritt” e Michele Cima.<br />
Teresio Onorato ha relazioni sulle azioni intraprese dalla Regione Molise in favore delle Associazioni di corregionali, ricordando la commozione, la partecipazione che ha contraddistinto la commemorazione dei caduti di Monogah. “Una recente Legge Regionale – ha spiegato il dirigente – ha istituito il Consiglio dei Molisani nel Mondo e il Consiglio dei Giovani Molisani nel Mondo.<br />
E’ stata una bella esperienza vedere 15 giovani provenienti da ogni parte del pianeta, riuniti a Campobasso. E’ su loro che dobbiamo puntare, dobbiamo aiutarli a riconoscersi nell’attività associativa, perché solo attraverso questi giovani potremo sperare di crescere”.<br />
A Matteo Russo, Presidente della Fai, l’Azienda Speciale della Camera di Commercio, il compito di tracciare invece un percorso di promozione territoriale attraverso le iniziative in programma. Russo, che oltretutto è originario di Macchia, ha ricordato i punti di eccellenza dell’offerta turistica italiana: l’enogastronomia, cortesia e ospitalità, confort nella ricettività. Ha fatto riferimento anche alla Filiera del Bello dell’assessore Marinelli e alla ipotizzata creazione di un’Agenzia Turistica Regionale.<br />
Il duo di bravissime musiciste ha intercalato gli eventi con “A Vucchella” del 1904, “Dduje Parvise” (1929), Te vojo bbene assale (1913), U sudate nnammurate (1915), Santa Lucia lontana (1919), Accarezzame (1950). Poi si sono addentrate in un concerto dal vivo, salutato da un pubblico in religioso silenzio. Sono stati eseguiti, di Emanuele Barbella, il Concerto in Re maggiore, la Fantasia Poetica di Calace, l’Adagio di Beethoven, per chiudere con “Vivo” di Mitoka Dragomina, pezzo di virtuosismo moderno, particolarmente difficile per interpretazione e coordinazione. Apprezzatissimo anche il progetto grafico di Arteggiando di Bojano, che si è avvalso delle foto fornite da Gianni Di Iorio. In conclusione un intervento dal pubblico, di Federico Campanelli.</p>
<p>30/7/2008</p>

<p>“Un convegno di alto profilo, per la professionalità dei relatori, tutti competenti e titolati, per l’interesse degli interventi, per la soavità degli intermezzi musicali, per la risposta entusiasta del pubblico. E’ un onore, per&#46;&#46;&#46;</p>
